{"id":584,"date":"2025-10-15T11:05:23","date_gmt":"2025-10-15T09:05:23","guid":{"rendered":"https:\/\/mde.techdeco.fr\/2025groupe121\/?page_id=584"},"modified":"2026-01-19T09:55:29","modified_gmt":"2026-01-19T08:55:29","slug":"prestation-globale","status":"publish","type":"page","link":"https:\/\/mde.techdeco.fr\/2025groupe121\/nos-services-collecte-tri-dechets\/prestation-globale\/","title":{"rendered":"Prestation globale"},"content":{"rendered":"\t\t<div data-elementor-type=\"wp-page\" data-elementor-id=\"584\" class=\"elementor elementor-584\">\n\t\t\t\t<div class=\"elementor-element elementor-element-551ce0b e-flex e-con-boxed e-con e-parent\" data-id=\"551ce0b\" data-element_type=\"container\" data-e-type=\"container\">\n\t\t\t\t\t<div class=\"e-con-inner\">\n\t\t\t\t<div class=\"elementor-element elementor-element-3e5e38a elementor-widget elementor-widget-heading\" data-id=\"3e5e38a\" data-element_type=\"widget\" data-e-type=\"widget\" data-settings=\"{&quot;htmega_fe&quot;:&quot;no&quot;}\" data-widget_type=\"heading.default\">\n\t\t\t\t<div class=\"elementor-widget-container\">\n\t\t\t\t\t<h1 class=\"elementor-heading-title elementor-size-default\">Prestation globale<\/h1>\t\t\t\t<\/div>\n\t\t\t\t<\/div>\n\t\t\t\t\t<\/div>\n\t\t\t\t<\/div>\n\t\t<div class=\"elementor-element elementor-element-4f56ca9 e-flex e-con-boxed e-con e-parent\" data-id=\"4f56ca9\" data-element_type=\"container\" data-e-type=\"container\">\n\t\t\t\t\t<div class=\"e-con-inner\">\n\t\t\t\t<div class=\"elementor-element elementor-element-cadd216 elementor-widget elementor-widget-text-editor\" data-id=\"cadd216\" data-element_type=\"widget\" data-e-type=\"widget\" data-settings=\"{&quot;htmega_fe&quot;:&quot;no&quot;}\" data-widget_type=\"text-editor.default\">\n\t\t\t\t<div class=\"elementor-widget-container\">\n\t\t\t\t\t\t\t\t\t<h2><strong>Notre accompagnement en 4 \u00e9tapes :<\/strong><\/h2>\t\t\t\t\t\t\t\t<\/div>\n\t\t\t\t<\/div>\n\t\t\t\t\t<\/div>\n\t\t\t\t<\/div>\n\t\t<div class=\"elementor-element elementor-element-308c473 e-flex e-con-boxed e-con e-parent\" data-id=\"308c473\" data-element_type=\"container\" data-e-type=\"container\">\n\t\t\t\t\t<div class=\"e-con-inner\">\n\t\t\t\t<div class=\"elementor-element elementor-element-6b7c7b3 elementor-widget elementor-widget-text-editor\" data-id=\"6b7c7b3\" data-element_type=\"widget\" data-e-type=\"widget\" data-settings=\"{&quot;htmega_fe&quot;:&quot;no&quot;}\" data-widget_type=\"text-editor.default\">\n\t\t\t\t<div class=\"elementor-widget-container\">\n\t\t\t\t\t\t\t\t\t<ol><li class=\"whitespace-break-spaces\"><strong>Diagnostic gratuit et sur mesure :\u00a0<\/strong>Nous \u00e9valuons vos besoins et vous proposons un devis\u00a0<strong>sans engagement<\/strong>.<\/li><li class=\"whitespace-break-spaces\"><strong>Mise en place du tri et collecte adapt\u00e9e :\u00a0<\/strong>Nous installons des solutions de tri\u00a0<strong>directement dans vos locaux<\/strong>\u00a0et d\u00e9finissons une fr\u00e9quence de collecte\u00a0<strong>adapt\u00e9e \u00e0 votre activit\u00e9<\/strong>.<\/li><li class=\"whitespace-break-spaces\"><strong>Recyclage et valorisation de vos d\u00e9chets :\u00a0<\/strong>Tous vos d\u00e9chets sont\u00a0<strong>recycl\u00e9s ou valoris\u00e9s<\/strong>\u00a0selon les meilleures pratiques environnementales.<\/li><li class=\"whitespace-break-spaces\"><strong>Tra\u00e7abilit\u00e9 et communication :\u00a0<\/strong>Vous b\u00e9n\u00e9ficiez d\u2019un\u00a0<strong>reporting complet<\/strong>, d\u2019<span class=\"followup-block followup-block-hidden cursor-pointer outline-none static inline group-hover\/message:[--hover-opacity:1]\" tabindex=\"0\" data-question=\"Quels types d\u2019outils proposez-vous pour sensibiliser les \u00e9quipes en interne ?\" aria-haspopup=\"dialog\" aria-expanded=\"false\" aria-controls=\"radix-_r_ca_\" data-state=\"closed\">outils de sensibilisation<\/span>\u00a0et de supports pour\u00a0<strong>communiquer sur vos actions<\/strong>.<\/li><\/ol>\t\t\t\t\t\t\t\t<\/div>\n\t\t\t\t<\/div>\n\t\t\t\t\t<\/div>\n\t\t\t\t<\/div>\n\t\t<div class=\"elementor-element elementor-element-364d8a3 e-flex e-con-boxed e-con e-parent\" data-id=\"364d8a3\" data-element_type=\"container\" data-e-type=\"container\">\n\t\t\t\t\t<div class=\"e-con-inner\">\n\t\t\t\t<div class=\"elementor-element elementor-element-f8104ae elementor-widget elementor-widget-text-editor\" data-id=\"f8104ae\" data-element_type=\"widget\" data-e-type=\"widget\" data-settings=\"{&quot;htmega_fe&quot;:&quot;no&quot;}\" data-widget_type=\"text-editor.default\">\n\t\t\t\t<div class=\"elementor-widget-container\">\n\t\t\t\t\t\t\t\t\t<p><strong>Avec notre solution, b\u00e9n\u00e9ficiez d\u2019un accompagnement 100 % personnalis\u00e9, valorisez vos d\u00e9chets en circuit court pour soutenir l\u2019\u00e9conomie locale, contribuez \u00e0 la cr\u00e9ation d\u2019emplois durables, et garantissez votre conformit\u00e9 avec la r\u00e9glementation (d\u00e9cret 5 flux, 10 mars 2016) \u2013 le tout, en toute s\u00e9r\u00e9nit\u00e9.<\/strong><\/p>\t\t\t\t\t\t\t\t<\/div>\n\t\t\t\t<\/div>\n\t\t\t\t\t<\/div>\n\t\t\t\t<\/div>\n\t\t<div class=\"elementor-element elementor-element-dfee236 e-flex e-con-boxed e-con e-parent\" data-id=\"dfee236\" data-element_type=\"container\" data-e-type=\"container\">\n\t\t\t\t\t<div class=\"e-con-inner\">\n\t\t\t\t<div class=\"elementor-element elementor-element-f8c220d elementor-widget elementor-widget-heading\" data-id=\"f8c220d\" data-element_type=\"widget\" data-e-type=\"widget\" data-settings=\"{&quot;htmega_fe&quot;:&quot;no&quot;}\" data-widget_type=\"heading.default\">\n\t\t\t\t<div class=\"elementor-widget-container\">\n\t\t\t\t\t<h2 class=\"elementor-heading-title elementor-size-default\">Nos services compl\u00e9mentaires<\/h2>\t\t\t\t<\/div>\n\t\t\t\t<\/div>\n\t\t\t\t\t<\/div>\n\t\t\t\t<\/div>\n\t\t<div class=\"elementor-element elementor-element-4cf1d7e e-grid e-con-boxed e-con e-parent\" data-id=\"4cf1d7e\" data-element_type=\"container\" data-e-type=\"container\">\n\t\t\t\t\t<div class=\"e-con-inner\">\n\t\t\t\t<div class=\"elementor-element elementor-element-459d8b1 elementor-widget elementor-widget-text-editor\" data-id=\"459d8b1\" data-element_type=\"widget\" data-e-type=\"widget\" data-settings=\"{&quot;htmega_fe&quot;:&quot;no&quot;}\" data-widget_type=\"text-editor.default\">\n\t\t\t\t<div class=\"elementor-widget-container\">\n\t\t\t\t\t\t\t\t\t<p><strong>Audit et conseil<\/strong> : <span class=\"followup-block followup-block-hidden cursor-pointer outline-none static inline group-hover\/message:[--hover-opacity:1]\" tabindex=\"0\" data-question=\"Quelles m\u00e9thodes utilisez-vous pour caract\u00e9riser les d\u00e9chets de mani\u00e8re pr\u00e9cise?\" aria-haspopup=\"dialog\" aria-expanded=\"false\" aria-controls=\"radix-_r_es_\" data-state=\"closed\">Caract\u00e9risation pr\u00e9cise de vos d\u00e9chets<\/span> et <span class=\"followup-block followup-block-hidden cursor-pointer outline-none static inline group-hover\/message:[--hover-opacity:1]\" tabindex=\"0\" data-question=\"Comment personnalisez-vous vos recommandations en fonction des besoins sp\u00e9cifiques d\u2019une entreprise?\" aria-haspopup=\"dialog\" aria-expanded=\"false\" aria-controls=\"radix-_r_et_\" data-state=\"closed\">recommandations sur mesure<\/span> pour une gestion efficace.<\/p>\t\t\t\t\t\t\t\t<\/div>\n\t\t\t\t<\/div>\n\t\t\t\t<div class=\"elementor-element elementor-element-e6667e4 elementor-widget elementor-widget-text-editor\" data-id=\"e6667e4\" data-element_type=\"widget\" data-e-type=\"widget\" data-settings=\"{&quot;htmega_fe&quot;:&quot;no&quot;}\" data-widget_type=\"text-editor.default\">\n\t\t\t\t<div class=\"elementor-widget-container\">\n\t\t\t\t\t\t\t\t\t<p><strong>Contenants adapt\u00e9s<\/strong> : Location ou achat de bacs standard ou <span class=\"followup-block followup-block-hidden cursor-pointer outline-none static inline group-hover\/message:[--hover-opacity:1]\" tabindex=\"0\" data-question=\"Quels types de contenants sur-mesure avez-vous d\u00e9j\u00e0 d\u00e9velopp\u00e9s pour des clients?\" aria-haspopup=\"dialog\" aria-expanded=\"false\" aria-controls=\"radix-_r_eu_\" data-state=\"closed\">con\u00e7us sp\u00e9cialement pour vos besoins<\/span>.<\/p>\t\t\t\t\t\t\t\t<\/div>\n\t\t\t\t<\/div>\n\t\t\t\t<div class=\"elementor-element elementor-element-301bc8f elementor-widget elementor-widget-text-editor\" data-id=\"301bc8f\" data-element_type=\"widget\" data-e-type=\"widget\" data-settings=\"{&quot;htmega_fe&quot;:&quot;no&quot;}\" data-widget_type=\"text-editor.default\">\n\t\t\t\t<div class=\"elementor-widget-container\">\n\t\t\t\t\t\t\t\t\t<p><strong>Reporting personnalis\u00e9<\/strong> : Acc\u00e8s \u00e0 un extranet d\u00e9di\u00e9 pour <span class=\"followup-block followup-block-hidden cursor-pointer outline-none static inline group-hover\/message:[--hover-opacity:1]\" tabindex=\"0\" data-question=\"Quels indicateurs ou donn\u00e9es peut-on consulter dans l\u2019extranet pour le suivi des d\u00e9chets?\" aria-haspopup=\"dialog\" aria-expanded=\"false\" aria-controls=\"radix-_r_ev_\" data-state=\"closed\">suivre et analyser vos flux de d\u00e9chets en temps r\u00e9el<\/span>.<\/p>\t\t\t\t\t\t\t\t<\/div>\n\t\t\t\t<\/div>\n\t\t\t\t<div class=\"elementor-element elementor-element-79365bf elementor-widget elementor-widget-text-editor\" data-id=\"79365bf\" data-element_type=\"widget\" data-e-type=\"widget\" data-settings=\"{&quot;htmega_fe&quot;:&quot;no&quot;}\" data-widget_type=\"text-editor.default\">\n\t\t\t\t<div class=\"elementor-widget-container\">\n\t\t\t\t\t\t\t\t\t<p><strong>Formation et accompagnement<\/strong> : Mise en place du tri s\u00e9lectif avec des <span class=\"followup-block followup-block-hidden cursor-pointer outline-none static inline group-hover\/message:[--hover-opacity:1]\" tabindex=\"0\" data-question=\"Quels types d\u2019outils p\u00e9dagogiques proposez-vous pour former les \u00e9quipes au tri s\u00e9lectif?\" aria-haspopup=\"dialog\" aria-expanded=\"false\" aria-controls=\"radix-_r_f0_\" data-state=\"closed\">outils p\u00e9dagogiques adapt\u00e9s \u00e0 vos \u00e9quipes<\/span>.<\/p>\t\t\t\t\t\t\t\t<\/div>\n\t\t\t\t<\/div>\n\t\t\t\t<div class=\"elementor-element elementor-element-09952ce elementor-widget elementor-widget-text-editor\" data-id=\"09952ce\" data-element_type=\"widget\" data-e-type=\"widget\" data-settings=\"{&quot;htmega_fe&quot;:&quot;no&quot;}\" data-widget_type=\"text-editor.default\">\n\t\t\t\t<div class=\"elementor-widget-container\">\n\t\t\t\t\t\t\t\t\t<p><strong>Sensibilisation et communication<\/strong> : <span class=\"followup-block followup-block-hidden cursor-pointer outline-none static inline group-hover\/message:[--hover-opacity:1]\" tabindex=\"0\" data-question=\"Pouvez-vous donner des exemples d\u2019ateliers ou de journ\u00e9es th\u00e9matiques d\u00e9j\u00e0 organis\u00e9es pour des entreprises?\" aria-haspopup=\"dialog\" aria-expanded=\"false\" aria-controls=\"radix-_r_f1_\" data-state=\"closed\">Organisation d\u2019actions (ateliers, journ\u00e9es th\u00e9matiques)<\/span> pour mobiliser vos collaborateurs autour des bonnes pratiques.<\/p>\t\t\t\t\t\t\t\t<\/div>\n\t\t\t\t<\/div>\n\t\t\t\t\t<\/div>\n\t\t\t\t<\/div>\n\t\t<div class=\"elementor-element elementor-element-188c1b8 e-flex e-con-boxed e-con e-parent\" data-id=\"188c1b8\" data-element_type=\"container\" data-e-type=\"container\">\n\t\t\t\t\t<div class=\"e-con-inner\">\n\t\t<div class=\"elementor-element elementor-element-f2753d1 e-con-full e-flex e-con e-child\" data-id=\"f2753d1\" data-element_type=\"container\" data-e-type=\"container\">\n\t\t\t\t<div class=\"elementor-element elementor-element-d82f72c elementor-align-center elementor-widget elementor-widget-button\" data-id=\"d82f72c\" data-element_type=\"widget\" data-e-type=\"widget\" data-settings=\"{&quot;htmega_fe&quot;:&quot;no&quot;}\" data-widget_type=\"button.default\">\n\t\t\t\t<div class=\"elementor-widget-container\">\n\t\t\t\t\t\t\t\t\t<div class=\"elementor-button-wrapper\">\n\t\t\t\t\t<a class=\"elementor-button elementor-button-link elementor-size-sm\" href=\"https:\/\/mde.techdeco.fr\/2025groupe121\/nos-services-collecte-tri-dechets\/collecte-ponctuelle-dechets-toulouse\/\">\n\t\t\t\t\t\t<span class=\"elementor-button-content-wrapper\">\n\t\t\t\t\t\t\t\t\t<span class=\"elementor-button-text\">En savoir plus sur notre collecte r\u00e9guli\u00e8re<\/span>\n\t\t\t\t\t<\/span>\n\t\t\t\t\t<\/a>\n\t\t\t\t<\/div>\n\t\t\t\t\t\t\t\t<\/div>\n\t\t\t\t<\/div>\n\t\t\t\t<\/div>\n\t\t<div class=\"elementor-element elementor-element-7296e13 e-con-full e-flex e-con e-child\" data-id=\"7296e13\" data-element_type=\"container\" data-e-type=\"container\">\n\t\t\t\t<div class=\"elementor-element elementor-element-be9ab05 elementor-align-center elementor-widget elementor-widget-button\" data-id=\"be9ab05\" data-element_type=\"widget\" data-e-type=\"widget\" data-settings=\"{&quot;htmega_fe&quot;:&quot;no&quot;}\" data-widget_type=\"button.default\">\n\t\t\t\t<div class=\"elementor-widget-container\">\n\t\t\t\t\t\t\t\t\t<div class=\"elementor-button-wrapper\">\n\t\t\t\t\t<a class=\"elementor-button elementor-button-link elementor-size-sm\" href=\"https:\/\/mde.techdeco.fr\/2025groupe121\/nos-services\/collecte-ponctuelle\/\">\n\t\t\t\t\t\t<span class=\"elementor-button-content-wrapper\">\n\t\t\t\t\t\t\t\t\t<span class=\"elementor-button-text\">En savoir plus sur notre collecte ponctuelle<\/span>\n\t\t\t\t\t<\/span>\n\t\t\t\t\t<\/a>\n\t\t\t\t<\/div>\n\t\t\t\t\t\t\t\t<\/div>\n\t\t\t\t<\/div>\n\t\t\t\t<\/div>\n\t\t\t\t\t<\/div>\n\t\t\t\t<\/div>\n\t\t\t\t<\/div>\n\t\t","protected":false},"excerpt":{"rendered":"<p>Prestation globale Notre accompagnement en 4 \u00e9tapes : Diagnostic gratuit et sur mesure :\u00a0Nous \u00e9valuons vos besoins et vous proposons un devis\u00a0sans engagement. Mise en place du tri et collecte adapt\u00e9e :\u00a0Nous installons des solutions de tri\u00a0directement dans vos locaux\u00a0et d\u00e9finissons une fr\u00e9quence de collecte\u00a0adapt\u00e9e \u00e0 votre activit\u00e9. Recyclage et valorisation de vos d\u00e9chets :\u00a0Tous [&hellip;]<\/p>\n","protected":false},"author":7,"featured_media":0,"parent":72,"menu_order":0,"comment_status":"closed","ping_status":"closed","template":"","meta":{"footnotes":""},"class_list":["post-584","page","type-page","status-publish","hentry","entry"],"yoast_head":"<!-- This site is optimized with the Yoast SEO plugin v27.4 - https:\/\/yoast.com\/product\/yoast-seo-wordpress\/ -->\n<title>Prestation globale - d\u00e9chets professionnels Solution cl\u00e9 en main \u00e0 Toulouse Greenburo<\/title>\n<meta name=\"description\" content=\"Collecte, tri, recyclage et valorisation de vos d\u00e9chets professionnels, avec devis gratuit, intervention rapide et tra\u00e7abilit\u00e9 certifi\u00e9e.\" \/>\n<meta name=\"robots\" content=\"index, follow, max-snippet:-1, max-image-preview:large, max-video-preview:-1\" \/>\n<link rel=\"canonical\" href=\"https:\/\/mde.techdeco.fr\/2025groupe121\/nos-services-collecte-tri-dechets\/prestation-globale\/\" \/>\n<meta property=\"og:locale\" content=\"fr_FR\" \/>\n<meta property=\"og:type\" content=\"article\" \/>\n<meta property=\"og:title\" content=\"Prestation globale - d\u00e9chets professionnels Solution cl\u00e9 en main \u00e0 Toulouse Greenburo\" \/>\n<meta property=\"og:description\" content=\"Collecte, tri, recyclage et valorisation de vos d\u00e9chets professionnels, avec devis gratuit, intervention rapide et tra\u00e7abilit\u00e9 certifi\u00e9e.\" \/>\n<meta property=\"og:url\" content=\"https:\/\/mde.techdeco.fr\/2025groupe121\/nos-services-collecte-tri-dechets\/prestation-globale\/\" \/>\n<meta property=\"og:site_name\" content=\"Greenburo\" \/>\n<meta property=\"article:modified_time\" content=\"2026-01-19T08:55:29+00:00\" \/>\n<meta name=\"twitter:card\" content=\"summary_large_image\" \/>\n<meta name=\"twitter:label1\" content=\"Dur\u00e9e de lecture estim\u00e9e\" \/>\n\t<meta name=\"twitter:data1\" content=\"2 minutes\" \/>\n<script type=\"application\/ld+json\" class=\"yoast-schema-graph\">{\"@context\":\"https:\\\/\\\/schema.org\",\"@graph\":[{\"@type\":\"WebPage\",\"@id\":\"https:\\\/\\\/mde.techdeco.fr\\\/2025groupe121\\\/nos-services-collecte-tri-dechets\\\/prestation-globale\\\/\",\"url\":\"https:\\\/\\\/mde.techdeco.fr\\\/2025groupe121\\\/nos-services-collecte-tri-dechets\\\/prestation-globale\\\/\",\"name\":\"Prestation globale - d\u00e9chets professionnels Solution cl\u00e9 en main \u00e0 Toulouse Greenburo\",\"isPartOf\":{\"@id\":\"https:\\\/\\\/mde.techdeco.fr\\\/2025groupe121\\\/#website\"},\"datePublished\":\"2025-10-15T09:05:23+00:00\",\"dateModified\":\"2026-01-19T08:55:29+00:00\",\"description\":\"Collecte, tri, recyclage et valorisation de vos d\u00e9chets professionnels, avec devis gratuit, intervention rapide et tra\u00e7abilit\u00e9 certifi\u00e9e.\",\"breadcrumb\":{\"@id\":\"https:\\\/\\\/mde.techdeco.fr\\\/2025groupe121\\\/nos-services-collecte-tri-dechets\\\/prestation-globale\\\/#breadcrumb\"},\"inLanguage\":\"fr-FR\",\"potentialAction\":[{\"@type\":\"ReadAction\",\"target\":[\"https:\\\/\\\/mde.techdeco.fr\\\/2025groupe121\\\/nos-services-collecte-tri-dechets\\\/prestation-globale\\\/\"]}]},{\"@type\":\"BreadcrumbList\",\"@id\":\"https:\\\/\\\/mde.techdeco.fr\\\/2025groupe121\\\/nos-services-collecte-tri-dechets\\\/prestation-globale\\\/#breadcrumb\",\"itemListElement\":[{\"@type\":\"ListItem\",\"position\":1,\"name\":\"Accueil\",\"item\":\"https:\\\/\\\/mde.techdeco.fr\\\/2025groupe121\\\/\"},{\"@type\":\"ListItem\",\"position\":2,\"name\":\"Nos services\",\"item\":\"https:\\\/\\\/mde.techdeco.fr\\\/2025groupe121\\\/nos-services-collecte-tri-dechets\\\/\"},{\"@type\":\"ListItem\",\"position\":3,\"name\":\"Prestation globale\"}]},{\"@type\":\"WebSite\",\"@id\":\"https:\\\/\\\/mde.techdeco.fr\\\/2025groupe121\\\/#website\",\"url\":\"https:\\\/\\\/mde.techdeco.fr\\\/2025groupe121\\\/\",\"name\":\"Greenburo\",\"description\":\"\",\"publisher\":{\"@id\":\"https:\\\/\\\/mde.techdeco.fr\\\/2025groupe121\\\/#organization\"},\"potentialAction\":[{\"@type\":\"SearchAction\",\"target\":{\"@type\":\"EntryPoint\",\"urlTemplate\":\"https:\\\/\\\/mde.techdeco.fr\\\/2025groupe121\\\/?s={search_term_string}\"},\"query-input\":{\"@type\":\"PropertyValueSpecification\",\"valueRequired\":true,\"valueName\":\"search_term_string\"}}],\"inLanguage\":\"fr-FR\"},{\"@type\":\"Organization\",\"@id\":\"https:\\\/\\\/mde.techdeco.fr\\\/2025groupe121\\\/#organization\",\"name\":\"Greenburo\",\"url\":\"https:\\\/\\\/mde.techdeco.fr\\\/2025groupe121\\\/\",\"logo\":{\"@type\":\"ImageObject\",\"inLanguage\":\"fr-FR\",\"@id\":\"https:\\\/\\\/mde.techdeco.fr\\\/2025groupe121\\\/#\\\/schema\\\/logo\\\/image\\\/\",\"url\":\"https:\\\/\\\/mde.techdeco.fr\\\/2025groupe121\\\/wp-content\\\/uploads\\\/2025\\\/03\\\/logo.png\",\"contentUrl\":\"https:\\\/\\\/mde.techdeco.fr\\\/2025groupe121\\\/wp-content\\\/uploads\\\/2025\\\/03\\\/logo.png\",\"width\":486,\"height\":115,\"caption\":\"Greenburo\"},\"image\":{\"@id\":\"https:\\\/\\\/mde.techdeco.fr\\\/2025groupe121\\\/#\\\/schema\\\/logo\\\/image\\\/\"}}]}<\/script>\n<!-- \/ Yoast SEO plugin. -->","yoast_head_json":{"title":"Prestation globale - d\u00e9chets professionnels Solution cl\u00e9 en main \u00e0 Toulouse Greenburo","description":"Collecte, tri, recyclage et valorisation de vos d\u00e9chets professionnels, avec devis gratuit, intervention rapide et tra\u00e7abilit\u00e9 certifi\u00e9e.","robots":{"index":"index","follow":"follow","max-snippet":"max-snippet:-1","max-image-preview":"max-image-preview:large","max-video-preview":"max-video-preview:-1"},"canonical":"https:\/\/mde.techdeco.fr\/2025groupe121\/nos-services-collecte-tri-dechets\/prestation-globale\/","og_locale":"fr_FR","og_type":"article","og_title":"Prestation globale - d\u00e9chets professionnels Solution cl\u00e9 en main \u00e0 Toulouse Greenburo","og_description":"Collecte, tri, recyclage et valorisation de vos d\u00e9chets professionnels, avec devis gratuit, intervention rapide et tra\u00e7abilit\u00e9 certifi\u00e9e.","og_url":"https:\/\/mde.techdeco.fr\/2025groupe121\/nos-services-collecte-tri-dechets\/prestation-globale\/","og_site_name":"Greenburo","article_modified_time":"2026-01-19T08:55:29+00:00","twitter_card":"summary_large_image","twitter_misc":{"Dur\u00e9e de lecture estim\u00e9e":"2 minutes"},"schema":{"@context":"https:\/\/schema.org","@graph":[{"@type":"WebPage","@id":"https:\/\/mde.techdeco.fr\/2025groupe121\/nos-services-collecte-tri-dechets\/prestation-globale\/","url":"https:\/\/mde.techdeco.fr\/2025groupe121\/nos-services-collecte-tri-dechets\/prestation-globale\/","name":"Prestation globale - d\u00e9chets professionnels Solution cl\u00e9 en main \u00e0 Toulouse Greenburo","isPartOf":{"@id":"https:\/\/mde.techdeco.fr\/2025groupe121\/#website"},"datePublished":"2025-10-15T09:05:23+00:00","dateModified":"2026-01-19T08:55:29+00:00","description":"Collecte, tri, recyclage et valorisation de vos d\u00e9chets professionnels, avec devis gratuit, intervention rapide et tra\u00e7abilit\u00e9 certifi\u00e9e.","breadcrumb":{"@id":"https:\/\/mde.techdeco.fr\/2025groupe121\/nos-services-collecte-tri-dechets\/prestation-globale\/#breadcrumb"},"inLanguage":"fr-FR","potentialAction":[{"@type":"ReadAction","target":["https:\/\/mde.techdeco.fr\/2025groupe121\/nos-services-collecte-tri-dechets\/prestation-globale\/"]}]},{"@type":"BreadcrumbList","@id":"https:\/\/mde.techdeco.fr\/2025groupe121\/nos-services-collecte-tri-dechets\/prestation-globale\/#breadcrumb","itemListElement":[{"@type":"ListItem","position":1,"name":"Accueil","item":"https:\/\/mde.techdeco.fr\/2025groupe121\/"},{"@type":"ListItem","position":2,"name":"Nos services","item":"https:\/\/mde.techdeco.fr\/2025groupe121\/nos-services-collecte-tri-dechets\/"},{"@type":"ListItem","position":3,"name":"Prestation globale"}]},{"@type":"WebSite","@id":"https:\/\/mde.techdeco.fr\/2025groupe121\/#website","url":"https:\/\/mde.techdeco.fr\/2025groupe121\/","name":"Greenburo","description":"","publisher":{"@id":"https:\/\/mde.techdeco.fr\/2025groupe121\/#organization"},"potentialAction":[{"@type":"SearchAction","target":{"@type":"EntryPoint","urlTemplate":"https:\/\/mde.techdeco.fr\/2025groupe121\/?s={search_term_string}"},"query-input":{"@type":"PropertyValueSpecification","valueRequired":true,"valueName":"search_term_string"}}],"inLanguage":"fr-FR"},{"@type":"Organization","@id":"https:\/\/mde.techdeco.fr\/2025groupe121\/#organization","name":"Greenburo","url":"https:\/\/mde.techdeco.fr\/2025groupe121\/","logo":{"@type":"ImageObject","inLanguage":"fr-FR","@id":"https:\/\/mde.techdeco.fr\/2025groupe121\/#\/schema\/logo\/image\/","url":"https:\/\/mde.techdeco.fr\/2025groupe121\/wp-content\/uploads\/2025\/03\/logo.png","contentUrl":"https:\/\/mde.techdeco.fr\/2025groupe121\/wp-content\/uploads\/2025\/03\/logo.png","width":486,"height":115,"caption":"Greenburo"},"image":{"@id":"https:\/\/mde.techdeco.fr\/2025groupe121\/#\/schema\/logo\/image\/"}}]}},"_links":{"self":[{"href":"https:\/\/mde.techdeco.fr\/2025groupe121\/wp-json\/wp\/v2\/pages\/584","targetHints":{"allow":["GET"]}}],"collection":[{"href":"https:\/\/mde.techdeco.fr\/2025groupe121\/wp-json\/wp\/v2\/pages"}],"about":[{"href":"https:\/\/mde.techdeco.fr\/2025groupe121\/wp-json\/wp\/v2\/types\/page"}],"author":[{"embeddable":true,"href":"https:\/\/mde.techdeco.fr\/2025groupe121\/wp-json\/wp\/v2\/users\/7"}],"replies":[{"embeddable":true,"href":"https:\/\/mde.techdeco.fr\/2025groupe121\/wp-json\/wp\/v2\/comments?post=584"}],"version-history":[{"count":31,"href":"https:\/\/mde.techdeco.fr\/2025groupe121\/wp-json\/wp\/v2\/pages\/584\/revisions"}],"predecessor-version":[{"id":799,"href":"https:\/\/mde.techdeco.fr\/2025groupe121\/wp-json\/wp\/v2\/pages\/584\/revisions\/799"}],"up":[{"embeddable":true,"href":"https:\/\/mde.techdeco.fr\/2025groupe121\/wp-json\/wp\/v2\/pages\/72"}],"wp:attachment":[{"href":"https:\/\/mde.techdeco.fr\/2025groupe121\/wp-json\/wp\/v2\/media?parent=584"}],"curies":[{"name":"wp","href":"https:\/\/api.w.org\/{rel}","templated":true}]}}